{"id":87,"date":"2021-06-06T19:44:58","date_gmt":"2021-06-06T17:44:58","guid":{"rendered":"https:\/\/r-komm.fr\/ecommerce\/?page_id=87"},"modified":"2021-12-09T11:52:55","modified_gmt":"2021-12-09T10:52:55","slug":"notre-univert","status":"publish","type":"page","link":"https:\/\/r-komm.fr\/ecommerce\/notre-univert\/","title":{"rendered":"notre uni&#8217;vert"},"content":{"rendered":"<p>[et_pb_section fb_built=&#8221;1&#8243; fullwidth=&#8221;on&#8221; _builder_version=&#8221;4.9.4&#8243; _module_preset=&#8221;default&#8221; global_colors_info=&#8221;{}&#8221;][et_pb_fullwidth_header title=&#8221;LES FONDATEURS&#8221; _builder_version=&#8221;4.14.2&#8243; _module_preset=&#8221;default&#8221; title_font=&#8221;Montserrat|700||on|||||&#8221; title_text_align=&#8221;right&#8221; title_text_color=&#8221;#FBFAF5&#8243; title_font_size=&#8221;40px&#8221; title_letter_spacing=&#8221;1px&#8221; title_line_height=&#8221;1.7em&#8221; content_font=&#8221;Poppins||||||||&#8221; background_color=&#8221;rgba(246,246,246,0.38)&#8221; background_image=&#8221;https:\/\/r-komm.fr\/ecommerce\/wp-content\/uploads\/2021\/06\/about-us.jpeg&#8221; background_position=&#8221;center_left&#8221; background_blend=&#8221;multiply&#8221; custom_padding=&#8221;150px|100px|250px||false|false&#8221; hover_enabled=&#8221;0&#8243; title_text_shadow_style=&#8221;preset5&#8243; global_colors_info=&#8221;{}&#8221; sticky_enabled=&#8221;0&#8243;][\/et_pb_fullwidth_header][\/et_pb_section][et_pb_section fb_built=&#8221;1&#8243; _builder_version=&#8221;4.14.2&#8243; _module_preset=&#8221;default&#8221; background_color=&#8221;#f6f6f6&#8243; custom_padding=&#8221;0px||0px||true|false&#8221; locked=&#8221;off&#8221; global_colors_info=&#8221;{}&#8221;][et_pb_row _builder_version=&#8221;4.14.2&#8243; _module_preset=&#8221;default&#8221; custom_margin=&#8221;0px||0px||true|false&#8221; custom_padding=&#8221;10px||0px||false|false&#8221; global_colors_info=&#8221;{}&#8221;][et_pb_column type=&#8221;4_4&#8243; _builder_version=&#8221;4.14.2&#8243; _module_preset=&#8221;default&#8221; global_colors_info=&#8221;{}&#8221;][et_pb_text _builder_version=&#8221;4.14.2&#8243; _module_preset=&#8221;default&#8221; header_font=&#8221;Montserrat|700|||||||&#8221; header_text_align=&#8221;center&#8221; header_font_size=&#8221;33px&#8221; header_line_height=&#8221;1.7em&#8221; custom_padding=&#8221;20px||20px||true|false&#8221; global_colors_info=&#8221;{}&#8221;]<\/p>\n<h1 style=\"text-align: center;\"><strong>BIENVENUE, WELCOME, MARHB\u00c9<\/strong><\/h1>\n<p>[\/et_pb_text][\/et_pb_column][\/et_pb_row][et_pb_row column_structure=&#8221;1_3,1_3,1_3&#8243; _builder_version=&#8221;4.14.2&#8243; _module_preset=&#8221;default&#8221; custom_padding=&#8221;10px||||false|false&#8221; global_colors_info=&#8221;{}&#8221;][et_pb_column type=&#8221;1_3&#8243; _builder_version=&#8221;4.14.2&#8243; _module_preset=&#8221;default&#8221; global_colors_info=&#8221;{}&#8221;][et_pb_text _builder_version=&#8221;4.14.2&#8243; _module_preset=&#8221;default&#8221; text_font=&#8221;Montserrat||||||||&#8221; text_font_size=&#8221;16px&#8221; global_colors_info=&#8221;{}&#8221;]<\/p>\n<p><span>The LiMs propose une large gamme de meubles &amp; accessoires enti\u00e8rement fabriqu\u00e9e avec un seul et unique mat\u00e9riau \u00e9tonnant de l\u00e9g\u00e8ret\u00e9 et de robustesse : du carton tr\u00e8s rigide, sur-cycl\u00e9 et recyclable.<\/span><\/p>\n<p>[\/et_pb_text][\/et_pb_column][et_pb_column type=&#8221;1_3&#8243; _builder_version=&#8221;4.14.2&#8243; _module_preset=&#8221;default&#8221; global_colors_info=&#8221;{}&#8221;][et_pb_text _builder_version=&#8221;4.14.2&#8243; _module_preset=&#8221;default&#8221; text_font=&#8221;Montserrat||||||||&#8221; text_font_size=&#8221;16px&#8221; global_colors_info=&#8221;{}&#8221;]<\/p>\n<p>Tr\u00e8s inspir\u00e9e par les mouvements minimalistes, par les designers du simple et les architectes de l\u2019\u00e9purement, notre marque se place au c\u0153ur d\u2019une d\u00e9marche \u00e9co-design, qui se veut \u00e0 la fois simple,\u00a0 esth\u00e9tique et respectueuse de l\u2019environnement.<\/p>\n<p style=\"text-align: center;\">L\u00e9gers et peu encombrants, nos meubles permettent de gagner du temps, de l\u2019espace, de l\u2019\u00e9nergie tout en \u00e9tant design, pratiques et abordables.<\/p>\n<p>[\/et_pb_text][\/et_pb_column][et_pb_column type=&#8221;1_3&#8243; _builder_version=&#8221;4.14.2&#8243; _module_preset=&#8221;default&#8221; global_colors_info=&#8221;{}&#8221;][et_pb_text _builder_version=&#8221;4.14.2&#8243; _module_preset=&#8221;default&#8221; text_font=&#8221;Montserrat||||||||&#8221; text_font_size=&#8221;16px&#8221; global_colors_info=&#8221;{}&#8221;]<\/p>\n<p><span>Grace \u00e0 cette solution d\u2019ameublement qui respecte nos vies, qui peut nous suivre partout et qui s\u2019adapte \u00e0 nos besoins,\u00a0 nous n\u2019avions pas eu besoin de chercher notre devise, car c\u2019est notre devise qui est venue vers nous comme une evidence :\u00a0 \u00ab moins de mati\u00e8re, pour plus de l\u00e9g\u00e8ret\u00e9\u2026 plus de libert\u00e9 \u00bb !<\/span><\/p>\n<p>[\/et_pb_text][\/et_pb_column][\/et_pb_row][et_pb_row _builder_version=&#8221;4.14.2&#8243; _module_preset=&#8221;default&#8221; global_colors_info=&#8221;{}&#8221;][et_pb_column type=&#8221;4_4&#8243; _builder_version=&#8221;4.14.2&#8243; _module_preset=&#8221;default&#8221; background_color=&#8221;#71816b&#8221; custom_padding=&#8221;50px||50px||true|false&#8221; global_colors_info=&#8221;{}&#8221;][et_pb_text _builder_version=&#8221;4.14.2&#8243; _module_preset=&#8221;default&#8221; text_font=&#8221;Montserrat|||on|||||&#8221; text_text_color=&#8221;#FFFFFF&#8221; header_font=&#8221;Montserrat|700||on|||||&#8221; header_text_align=&#8221;center&#8221; header_text_color=&#8221;#FFFFFF&#8221; header_font_size=&#8221;20px&#8221; header_line_height=&#8221;1.7em&#8221; global_colors_info=&#8221;{}&#8221;]<\/p>\n<h1 style=\"text-align: center;\">&#8220;MOINS DE MATI\u00c8RE, POUR PLUS DE L\u00c9G\u00c8RET\u00c9, PLUS DE LIBERT\u00c9 !&#8221;<\/h1>\n<p>[\/et_pb_text][\/et_pb_column][\/et_pb_row][\/et_pb_section][et_pb_section fb_built=&#8221;1&#8243; _builder_version=&#8221;4.14.2&#8243; _module_preset=&#8221;default&#8221; background_enable_color=&#8221;off&#8221; custom_margin=&#8221;||-8px|||&#8221; background_last_edited=&#8221;on|desktop&#8221; global_colors_info=&#8221;{}&#8221;][et_pb_row _builder_version=&#8221;4.9.4&#8243; _module_preset=&#8221;default&#8221; global_colors_info=&#8221;{}&#8221;][et_pb_column type=&#8221;4_4&#8243; _builder_version=&#8221;4.9.4&#8243; _module_preset=&#8221;default&#8221; global_colors_info=&#8221;{}&#8221;][et_pb_text _builder_version=&#8221;4.14.2&#8243; _module_preset=&#8221;default&#8221; text_font=&#8221;Poppins|700||on|||||&#8221; text_text_color=&#8221;#582F0E&#8221; text_font_size=&#8221;20px&#8221; text_letter_spacing=&#8221;1px&#8221; header_font=&#8221;Montserrat|700|||||||&#8221; header_text_align=&#8221;center&#8221; header_text_color=&#8221;#71816B&#8221; header_font_size=&#8221;33px&#8221; header_line_height=&#8221;1.7em&#8221; text_orientation=&#8221;center&#8221; global_colors_info=&#8221;{}&#8221;]<\/p>\n<h1 style=\"text-align: center;\"><strong>Notre green team<\/strong><\/h1>\n<p>[\/et_pb_text][\/et_pb_column][\/et_pb_row][et_pb_row column_structure=&#8221;1_2,1_2&#8243; _builder_version=&#8221;4.9.4&#8243; _module_preset=&#8221;default&#8221; global_colors_info=&#8221;{}&#8221;][et_pb_column type=&#8221;1_2&#8243; _builder_version=&#8221;4.9.4&#8243; _module_preset=&#8221;default&#8221; global_colors_info=&#8221;{}&#8221;][et_pb_image src=&#8221;https:\/\/r-komm.fr\/ecommerce\/wp-content\/uploads\/2021\/06\/saoussen.jpeg&#8221; title_text=&#8221;rptnb&#8221; _builder_version=&#8221;4.9.4&#8243; _module_preset=&#8221;default&#8221; background_color=&#8221;rgba(251,250,245,0.55)&#8221; background_image=&#8221;https:\/\/r-komm.fr\/ecommerce\/wp-content\/uploads\/2021\/06\/saoussen.jpeg&#8221; background_blend=&#8221;multiply&#8221; global_colors_info=&#8221;{}&#8221;][\/et_pb_image][et_pb_text _builder_version=&#8221;4.14.2&#8243; _module_preset=&#8221;default&#8221; header_font=&#8221;Montserrat|700|||||||&#8221; header_text_align=&#8221;center&#8221; global_colors_info=&#8221;{}&#8221;]<\/p>\n<h1>SAOUSSEN MAHFOUDH<\/h1>\n<p>[\/et_pb_text][et_pb_social_media_follow icon_color=&#8221;#ffffff&#8221; _builder_version=&#8221;4.9.4&#8243; _module_preset=&#8221;default&#8221; text_orientation=&#8221;center&#8221; global_colors_info=&#8221;{}&#8221;][et_pb_social_media_follow_network social_network=&#8221;facebook&#8221; _builder_version=&#8221;4.9.4&#8243; _module_preset=&#8221;default&#8221; background_color=&#8221;#3b5998&#8243; global_colors_info=&#8221;{}&#8221; follow_button=&#8221;off&#8221; url_new_window=&#8221;on&#8221;]facebook[\/et_pb_social_media_follow_network][et_pb_social_media_follow_network social_network=&#8221;twitter&#8221; _builder_version=&#8221;4.9.4&#8243; _module_preset=&#8221;default&#8221; background_color=&#8221;#00aced&#8221; global_colors_info=&#8221;{}&#8221; follow_button=&#8221;off&#8221; url_new_window=&#8221;on&#8221;]twitter[\/et_pb_social_media_follow_network][et_pb_social_media_follow_network social_network=&#8221;pinterest&#8221; _builder_version=&#8221;4.9.4&#8243; _module_preset=&#8221;default&#8221; background_color=&#8221;#cb2027&#8243; global_colors_info=&#8221;{}&#8221; follow_button=&#8221;off&#8221; url_new_window=&#8221;on&#8221;]pinterest[\/et_pb_social_media_follow_network][et_pb_social_media_follow_network social_network=&#8221;instagram&#8221; _builder_version=&#8221;4.9.4&#8243; _module_preset=&#8221;default&#8221; background_color=&#8221;#ea2c59&#8243; global_colors_info=&#8221;{}&#8221; follow_button=&#8221;off&#8221; url_new_window=&#8221;on&#8221;]instagram[\/et_pb_social_media_follow_network][et_pb_social_media_follow_network social_network=&#8221;youtube&#8221; _builder_version=&#8221;4.9.4&#8243; _module_preset=&#8221;default&#8221; background_color=&#8221;#a82400&#8243; global_colors_info=&#8221;{}&#8221; follow_button=&#8221;off&#8221; url_new_window=&#8221;on&#8221;]youtube[\/et_pb_social_media_follow_network][\/et_pb_social_media_follow][et_pb_text _builder_version=&#8221;4.14.2&#8243; _module_preset=&#8221;default&#8221; text_font=&#8221;Montserrat||||||||&#8221; text_text_color=&#8221;#56535a&#8221; text_font_size=&#8221;16px&#8221; text_letter_spacing=&#8221;1px&#8221; text_orientation=&#8221;center&#8221; global_colors_info=&#8221;{}&#8221;]<\/p>\n<p><span>&#8220;Less is More&#8221;, ou faire le maximum avec le minimum! Gr\u00e2ce \u00e0 une solution d&#8217;ameublement Design, l\u00e9g\u00e8re, \u00e9co-con\u00e7ue : Une large gamme de meubles &amp; accessoires en mat\u00e9riau Up-cycl\u00e9 !&#8221;<\/span><\/p>\n<p>[\/et_pb_text][\/et_pb_column][et_pb_column type=&#8221;1_2&#8243; _builder_version=&#8221;4.9.4&#8243; _module_preset=&#8221;default&#8221; global_colors_info=&#8221;{}&#8221;][et_pb_image src=&#8221;https:\/\/r-komm.fr\/ecommerce\/wp-content\/uploads\/2021\/06\/skander.jpeg&#8221; title_text=&#8221;skander&#8221; _builder_version=&#8221;4.9.4&#8243; _module_preset=&#8221;default&#8221; global_colors_info=&#8221;{}&#8221;][\/et_pb_image][et_pb_text _builder_version=&#8221;4.9.4&#8243; _module_preset=&#8221;default&#8221; header_font=&#8221;Montserrat|700|||||||&#8221; header_text_align=&#8221;center&#8221; global_colors_info=&#8221;{}&#8221;]<\/p>\n<h1 style=\"text-align: center;\">SKANDER MAHFOUDH<\/h1>\n<p>[\/et_pb_text][et_pb_social_media_follow icon_color=&#8221;#ffffff&#8221; _builder_version=&#8221;4.9.4&#8243; _module_preset=&#8221;default&#8221; text_orientation=&#8221;center&#8221; locked=&#8221;off&#8221; global_colors_info=&#8221;{}&#8221;][et_pb_social_media_follow_network social_network=&#8221;facebook&#8221; _builder_version=&#8221;4.9.4&#8243; _module_preset=&#8221;default&#8221; background_color=&#8221;#3b5998&#8243; global_colors_info=&#8221;{}&#8221; follow_button=&#8221;off&#8221; url_new_window=&#8221;on&#8221;]facebook[\/et_pb_social_media_follow_network][et_pb_social_media_follow_network social_network=&#8221;twitter&#8221; _builder_version=&#8221;4.9.4&#8243; _module_preset=&#8221;default&#8221; background_color=&#8221;#00aced&#8221; global_colors_info=&#8221;{}&#8221; follow_button=&#8221;off&#8221; url_new_window=&#8221;on&#8221;]twitter[\/et_pb_social_media_follow_network][et_pb_social_media_follow_network social_network=&#8221;pinterest&#8221; _builder_version=&#8221;4.9.4&#8243; _module_preset=&#8221;default&#8221; background_color=&#8221;#cb2027&#8243; global_colors_info=&#8221;{}&#8221; follow_button=&#8221;off&#8221; url_new_window=&#8221;on&#8221;]pinterest[\/et_pb_social_media_follow_network][et_pb_social_media_follow_network social_network=&#8221;instagram&#8221; _builder_version=&#8221;4.9.4&#8243; _module_preset=&#8221;default&#8221; background_color=&#8221;#ea2c59&#8243; global_colors_info=&#8221;{}&#8221; follow_button=&#8221;off&#8221; url_new_window=&#8221;on&#8221;]instagram[\/et_pb_social_media_follow_network][et_pb_social_media_follow_network social_network=&#8221;youtube&#8221; _builder_version=&#8221;4.9.4&#8243; _module_preset=&#8221;default&#8221; background_color=&#8221;#a82400&#8243; global_colors_info=&#8221;{}&#8221; follow_button=&#8221;off&#8221; url_new_window=&#8221;on&#8221;]youtube[\/et_pb_social_media_follow_network][\/et_pb_social_media_follow][et_pb_text _builder_version=&#8221;4.14.2&#8243; _module_preset=&#8221;default&#8221; text_font=&#8221;Montserrat||||||||&#8221; text_text_color=&#8221;#56535a&#8221; text_font_size=&#8221;16px&#8221; text_letter_spacing=&#8221;1px&#8221; text_orientation=&#8221;center&#8221; global_colors_info=&#8221;{}&#8221;]<\/p>\n<p><span>&#8221; J&#8217;incarne le volet sage , chiffr\u00e9 et r\u00e9fl\u00e9chi du projet. The LiMs n&#8217;est pas qu&#8217;un produit, c&#8217;est une marque que nous voulons inspirationelle, g\u00e9n\u00e9rationnelle. Notre cr\u00e9ativit\u00e9 n&#8217;a pas de limites, nous sommes le bras arm\u00e9 du consommateur en qu\u00eate d&#8217;authenticit\u00e9 et d&#8217;engagement&#8221;.<\/span><\/p>\n<p>[\/et_pb_text][\/et_pb_column][\/et_pb_row][et_pb_row _builder_version=&#8221;4.9.4&#8243; _module_preset=&#8221;default&#8221; global_colors_info=&#8221;{}&#8221;][et_pb_column type=&#8221;4_4&#8243; _builder_version=&#8221;4.9.4&#8243; _module_preset=&#8221;default&#8221; global_colors_info=&#8221;{}&#8221;][et_pb_text _builder_version=&#8221;4.9.4&#8243; _module_preset=&#8221;default&#8221; text_font=&#8221;Poppins|700||on|||||&#8221; text_text_color=&#8221;#582F0E&#8221; text_font_size=&#8221;20px&#8221; text_letter_spacing=&#8221;1px&#8221; header_font=&#8221;Montserrat|700|||||||&#8221; header_text_align=&#8221;center&#8221; header_text_color=&#8221;#71816B&#8221; header_font_size=&#8221;33px&#8221; header_line_height=&#8221;1.7em&#8221; text_orientation=&#8221;center&#8221; global_colors_info=&#8221;{}&#8221;]<\/p>\n<h1 style=\"text-align: center;\">QUI SONT LES FONDATEURS DE THE LIMS ?<\/h1>\n<p>[\/et_pb_text][et_pb_text _builder_version=&#8221;4.9.4&#8243; _module_preset=&#8221;default&#8221; text_font=&#8221;Montserrat||||||||&#8221; text_text_color=&#8221;#56535a&#8221; text_font_size=&#8221;16px&#8221; text_letter_spacing=&#8221;1px&#8221; text_orientation=&#8221;center&#8221; global_colors_info=&#8221;{}&#8221;]<\/p>\n<h4 class=\"_04xlpA direction-ltr align-center para-style-body\" style=\"text-align: center;\"><span class=\"JsGRdQ\">Saoussen , designer et Skander, juriste, fr\u00e8re et soeur, sont les fondateurs de The LIMS<\/span><span class=\"JsGRdQ\">,<span> la prem\u00e8re entreprise de fabrication de meubles en carton en afrique<\/span><\/span><span class=\"JsGRdQ\">, avec un large catalogue de plus de 300 produis, entre meubles et accessoires.<\/span><\/h4>\n<p>[\/et_pb_text][et_pb_text _builder_version=&#8221;4.14.2&#8243; _module_preset=&#8221;default&#8221; text_font=&#8221;Montserrat||||||||&#8221; text_text_color=&#8221;#FBFAF5&#8243; text_font_size=&#8221;17px&#8221; background_color=&#8221;#71816B&#8221; text_orientation=&#8221;justified&#8221; custom_margin=&#8221;||||false|true&#8221; custom_padding=&#8221;20px|20px|20px|20px|true|true&#8221; global_colors_info=&#8221;{}&#8221;]<\/p>\n<p style=\"text-align: justify;\">Nich\u00e9 au c\u0153ur de la ville de Sfax,\u00a0 l\u2019atelier The LiMs voit le jour en janvier 2017. Cet atelier est une h\u00e9t\u00e9rotopie qui regorge d\u2019id\u00e9es, de prototypes, de cr\u00e9ations nouvelles.<\/p>\n<p><span class=\"JsGRdQ\">\u00ab\u00a0Jeunes entrepreneurs, ayant connu les difficult\u00e9s des d\u00e9buts,<\/span><span class=\"JsGRdQ\">ayant commenc\u00e9 notre aventure entrepreneuriale seuls,<\/span><span class=\"JsGRdQ\">sans trop de moyens, sans aide, nous avons connu le \u00ab\u00a0start Lean\u00a0\u00bb.<\/span><\/p>\n<p class=\"_04xlpA direction-ltr align-center para-style-body\"><span class=\"JsGRdQ\">Engag\u00e9s et tr\u00e8s actifs, nous voulions des espaces qui nous ressemblent,<\/span><span class=\"JsGRdQ\">qui nous suivent l\u00e0 o\u00f9 nous sommes. Nous voulions des meubles<\/span><span class=\"JsGRdQ\">qui suivent nos folles p\u00e9rip\u00e9ties. Comme nous ne les trouvions pas,<\/span><span class=\"JsGRdQ\">nous avons fini par les fabriquer nous m\u00eame. Avec quoi ? avec du carton tr\u00e8s rigide, tout simplement. \u00a0\u00bb\u00a0<\/span><\/p>\n<p class=\"_04xlpA direction-ltr align-end para-style-body\"><span class=\"JsGRdQ\">\u00ab\u00a0The LiMs c\u2019est l\u2019acronyme de \u00ab The Less<\/span><span class=\"JsGRdQ\">is More studio \u00bb, et avant d\u2019\u00eatre un<\/span><span class=\"JsGRdQ\">produit ou un service, c\u2019est avant tout<\/span><span class=\"JsGRdQ\">une mani\u00e8re d\u2019encourager les gens \u00e0<\/span><span class=\"JsGRdQ\">faire leur<\/span><span class=\"JsGRdQ\">maximum<\/span><span class=\"JsGRdQ\">, avec le<\/span><span class=\"JsGRdQ\">minimum.<\/span><\/p>\n<p class=\"_04xlpA direction-ltr align-end para-style-body\"><span class=\"JsGRdQ\">L\u00e9g\u00e8ret\u00e9, libert\u00e9, engagement,<span>\u00a0<\/span><\/span><span class=\"JsGRdQ\">et courage, les voil\u00e0 nos valeurs,<span>\u00a0<\/span><\/span><span class=\"JsGRdQ\">ceux de notre team, de nos produits<span>\u00a0<\/span><\/span><span class=\"JsGRdQ\">et de notre communaut\u00e9.\u00a0\u00bb<\/span><\/p>\n<p>[\/et_pb_text][\/et_pb_column][\/et_pb_row][\/et_pb_section][et_pb_section fb_built=&#8221;1&#8243; _builder_version=&#8221;4.14.2&#8243; _module_preset=&#8221;default&#8221; background_enable_color=&#8221;off&#8221; custom_padding=&#8221;4px|||||&#8221; global_colors_info=&#8221;{}&#8221;][et_pb_row _builder_version=&#8221;4.9.4&#8243; _module_preset=&#8221;default&#8221; global_colors_info=&#8221;{}&#8221;][et_pb_column type=&#8221;4_4&#8243; _builder_version=&#8221;4.9.4&#8243; _module_preset=&#8221;default&#8221; global_colors_info=&#8221;{}&#8221;][et_pb_text _builder_version=&#8221;4.14.2&#8243; _module_preset=&#8221;default&#8221; text_font=&#8221;Poppins|700||on|||||&#8221; text_text_color=&#8221;#582F0E&#8221; header_font=&#8221;Montserrat|700|||||||&#8221; header_text_align=&#8221;center&#8221; header_text_color=&#8221;#71816B&#8221; header_font_size=&#8221;33px&#8221; header_line_height=&#8221;1.7em&#8221; locked=&#8221;off&#8221; global_colors_info=&#8221;{}&#8221;]<\/p>\n<h1>The Less Is More Concept<\/h1>\n<p>[\/et_pb_text][\/et_pb_column][\/et_pb_row][et_pb_row _builder_version=&#8221;4.9.4&#8243; _module_preset=&#8221;default&#8221; global_colors_info=&#8221;{}&#8221;][et_pb_column type=&#8221;4_4&#8243; _builder_version=&#8221;4.9.4&#8243; _module_preset=&#8221;default&#8221; global_colors_info=&#8221;{}&#8221;][et_pb_image src=&#8221;https:\/\/r-komm.fr\/ecommerce\/wp-content\/uploads\/2021\/06\/ezgif.com-gif-maker-2.gif&#8221; title_text=&#8221;ezgif.com-gif-maker (2)&#8221; align=&#8221;center&#8221; force_fullwidth=&#8221;on&#8221; _builder_version=&#8221;4.14.2&#8243; _module_preset=&#8221;default&#8221; global_colors_info=&#8221;{}&#8221;][\/et_pb_image][\/et_pb_column][\/et_pb_row][\/et_pb_section][et_pb_section fb_built=&#8221;1&#8243; _builder_version=&#8221;4.14.2&#8243; _module_preset=&#8221;default&#8221; background_color=&#8221;#f6f6f6&#8243; global_colors_info=&#8221;{}&#8221;][et_pb_row column_structure=&#8221;1_3,1_3,1_3&#8243; _builder_version=&#8221;4.9.4&#8243; _module_preset=&#8221;default&#8221; global_colors_info=&#8221;{}&#8221;][et_pb_column type=&#8221;1_3&#8243; _builder_version=&#8221;4.9.4&#8243; _module_preset=&#8221;default&#8221; global_colors_info=&#8221;{}&#8221;][et_pb_text _builder_version=&#8221;4.9.4&#8243; _module_preset=&#8221;default&#8221; text_font=&#8221;Montserrat||||||||&#8221; text_text_color=&#8221;#56535a&#8221; text_font_size=&#8221;16px&#8221; text_letter_spacing=&#8221;1px&#8221; text_orientation=&#8221;center&#8221; global_colors_info=&#8221;{}&#8221;]<\/p>\n<p>The LiMs est l\u2019acronyme de The Less is More Studio,<\/p>\n<p>Et avant d\u2019\u00eatre un produit ou un service, c\u2019est avant tout une nouvelle mani\u00e8re de consommer, un moyen de se poser des questions sur les objets qui nous entourent. C\u2019est notre fa\u00e7on de casser les codes et de nous d\u00e9passer.<\/p>\n<p>Less is More, ou faire le maximum avec le minimum. Telle est notre vision du minimalisme. Un concept simple et profond, qui porte en lui des valeurs que nous d\u00e9fendons au quotidien.<\/p>\n<p>Parce que oui le minimalisme est \u00e9colo, parce que oui , nous utilisons moins de mati\u00e8re pour plus de l\u00e9g\u00e8ret\u00e9, moins de mati\u00e8re pour plus d\u2019efficacit\u00e9, moins de mati\u00e8re pour plus de libert\u00e9.<\/p>\n<p>[\/et_pb_text][\/et_pb_column][et_pb_column type=&#8221;1_3&#8243; _builder_version=&#8221;4.9.4&#8243; _module_preset=&#8221;default&#8221; global_colors_info=&#8221;{}&#8221;][et_pb_text _builder_version=&#8221;4.14.2&#8243; _module_preset=&#8221;default&#8221; text_font=&#8221;Montserrat||||||||&#8221; text_text_color=&#8221;#FBFAF5&#8243; text_font_size=&#8221;16px&#8221; text_letter_spacing=&#8221;1px&#8221; background_color=&#8221;#71816B&#8221; text_orientation=&#8221;center&#8221; custom_padding=&#8221;10px||10px||true|false&#8221; locked=&#8221;off&#8221; global_colors_info=&#8221;{}&#8221;]<\/p>\n<p>The LiMs est n\u00e9e en Tunisie en 2017, dans la ville de Sfax.\u00a0 Et chez The LiMs, nous concevons, fabriquons et vendons des meubles design, styl\u00e9s, minimalistes, l\u00e9gers , faciles \u00e0 d\u00e9placer, peu encombrants, qui permettent de gagner du temps de l\u2019espace de l\u2019\u00e9nergie tout en \u00e9tant abordables et \u00e9co con\u00e7us.<\/p>\n<p>Tout cela est possible, avec un mat\u00e9riau \u00e9tonnant : qui est le carton !<\/p>\n<p>[\/et_pb_text][\/et_pb_column][et_pb_column type=&#8221;1_3&#8243; _builder_version=&#8221;4.9.4&#8243; _module_preset=&#8221;default&#8221; global_colors_info=&#8221;{}&#8221;][et_pb_text _builder_version=&#8221;4.9.4&#8243; _module_preset=&#8221;default&#8221; text_font=&#8221;Montserrat||||||||&#8221; text_text_color=&#8221;#56535a&#8221; text_font_size=&#8221;16px&#8221; text_letter_spacing=&#8221;1px&#8221; text_orientation=&#8221;center&#8221; locked=&#8221;off&#8221; global_colors_info=&#8221;{}&#8221;]<\/p>\n<p>Notre plus grande fiert\u00e9 c\u2019est que The LiMs a \u00e9t\u00e9 une solution d\u2019ameublement pour plus de 250 jeunes entrepreneurs en Tunisie, qui ont r\u00e9ussi \u00e0 donner vie \u00e0 leurs premiers espaces grace \u00e0 un mobilier l\u00e9ger et design, authentique et engag\u00e9!<\/p>\n<p>Et notre objectif, c\u2019est que The LiMs devienne une marque inspirationelle, g\u00e9n\u00e9rationnelle. Prouver que choisir The LiMs c\u2019est montrer qu\u2019on vote en faveur d\u2019une mentalit\u00e9 nouvelle, qu\u2019on soutient tous ces gens \u2013 qui ensemble- ont choisi de soumettre leur destin et d\u2019imposer leur volont\u00e9.<\/p>\n<p>[\/et_pb_text][\/et_pb_column][\/et_pb_row][\/et_pb_section]<\/p>\n","protected":false},"excerpt":{"rendered":"<p>BIENVENUE, WELCOME, MARHB\u00c9The LiMs propose une large gamme de meubles &amp; accessoires enti\u00e8rement fabriqu\u00e9e avec un seul et unique mat\u00e9riau \u00e9tonnant de l\u00e9g\u00e8ret\u00e9 et de robustesse : du carton tr\u00e8s rigide, sur-cycl\u00e9 et recyclable.Tr\u00e8s inspir\u00e9e par les mouvements minimalistes, par les designers du simple et les architectes de l\u2019\u00e9purement, notre marque se place au c\u0153ur [&hellip;]<\/p>\n","protected":false},"author":1,"featured_media":0,"parent":0,"menu_order":0,"comment_status":"closed","ping_status":"closed","template":"","meta":{"_et_pb_use_builder":"on","_et_pb_old_content":"","_et_gb_content_width":""},"_links":{"self":[{"href":"https:\/\/r-komm.fr\/ecommerce\/wp-json\/wp\/v2\/pages\/87"}],"collection":[{"href":"https:\/\/r-komm.fr\/ecommerce\/wp-json\/wp\/v2\/pages"}],"about":[{"href":"https:\/\/r-komm.fr\/ecommerce\/wp-json\/wp\/v2\/types\/page"}],"author":[{"embeddable":true,"href":"https:\/\/r-komm.fr\/ecommerce\/wp-json\/wp\/v2\/users\/1"}],"replies":[{"embeddable":true,"href":"https:\/\/r-komm.fr\/ecommerce\/wp-json\/wp\/v2\/comments?post=87"}],"version-history":[{"count":23,"href":"https:\/\/r-komm.fr\/ecommerce\/wp-json\/wp\/v2\/pages\/87\/revisions"}],"predecessor-version":[{"id":11277,"href":"https:\/\/r-komm.fr\/ecommerce\/wp-json\/wp\/v2\/pages\/87\/revisions\/11277"}],"wp:attachment":[{"href":"https:\/\/r-komm.fr\/ecommerce\/wp-json\/wp\/v2\/media?parent=87"}],"curies":[{"name":"wp","href":"https:\/\/api.w.org\/{rel}","templated":true}]}}